. What is h(135)?
-35
Let f(r) = -2*r**2 - 364*r - 8156. Determine f(-155).
214
Let q(z) = 300*z + 5678. Calculate q(-19).
-22
Let i(y) = -14*y**2 + 12604*y + 37809. What is i(-3)?
-129
Let p(s) = -969*s - 1923. Determine p(-2).
15
Let p(a) = -a**3 - 1580*a**2 - 61632*a - 1305. Give p(-40).
-25
Let a(t) = -t**2 + 266*t - 11079. Determine a(50).
-279
Let t(c) = c**2 - 365*c - 17593. What is t(-43)?
-49
Let n(f) = -2*f**3 - 79*f**2 - 121*f - 259. What is n(-38)?
7
Let k(z) = 2489*z + 91250. Determine k(-36).
1646
Let t(y) = -3*y**3 + 39*y**2 - 84*y - 52. What is t(10)?
8
Let u(b) = 2*b**2 - 26*b - 820. Give u(-15).
20
Let q(a) = 2*a**3 - 8*a**2 + 847*a - 6836. Give q(8).
452
Let p(s) = -1885*s + 942488. Give p(500).
-12
Let z(g) = 12*g**2 - 15491*g - 77472. What is z(-5)?
283
Let r(a) = -68491*a - 136993. Give r(-2).
-11
Let i(s) = -604*s**2 + 57391*s - 1046. Calculate i(95).
-1
Let i(w) = 11*w**2 + 886*w - 430. Determine i(-81).
-25
Let x(u) = 608*u + 11583. What is x(-19)?
31
Let l(q) = 242*q**2 + 1443*q - 4. Give l(-6).
50
Let n(o) = -5197*o - 114322. What is n(-22)?
12
Let j(g) = -25*g**2 - 18*g + 807. Calculate j(-6).
15
Let s(l) = -12*l + 118. Determine s(11).
-14
Let q(c) = 11684*c + 2301756. Give q(-197).
8
Let c(d) = -5*d**2 + 30724*d + 338500. What is c(-11)?
-69
Let p(k) = k**3 + 105*k**2 + 1281*k + 108. What is p(-14)?
10
Let i(m) = 412*m**3 - 22*m**2 + 111*m + 113. Calculate i(-1).
-432
Let c(n) = -11*n**2 + 1251*n - 4399. Calculate c(110).
111
Let o(s) = -s**3 - 445*s**2 - 579*s - 257662. Give o(-445).
-7
Let i(b) = -1056680*b + 15850192. Give i(15).
-8
Let j(l) = l**3 + 95*l**2 - 770*l - 508. Determine j(8).
-76
Let j(h) = h**3 - 3*h**2 - 28*h - 9915. What is j(23)?
21
Let n(y) = 10*y**2 - 794*y - 4250. Calculate n(-5).
-30
Let v(i) = -10*i**2 + 291*i - 1378. What is v(5)?
-173
Let r(o) = -166*o - 17502. Determine r(-104).
-238
Let z(v) = 64*v**3 - 8*v**2 - 44*v + 278. Give z(4).
4070
Let p(s) = -6101*s - 116039. Calculate p(-19).
-120
Let w(n) = -23306238*n + 116531185. Give w(5).
-5
Let o(y) = 10*y**2 - 416*y - 2023. Calculate o(46).
1
Let c(n) = 524*n + 1571. Calculate c(-3).
-1
Let y(v) = -v**2 - 3093*v + 18577. Determine y(6).
-17
Let j(h) = -121*h**3 - 241*h**2 + 64*h + 136. Give j(-2).
12
Let y(h) = 340*h - 4552. Determine y(13).
-132
Let y(p) = -80*p - 12309. Determine y(-154).
11
Let d(l) = -419*l - 9609. Calculate d(-22).
-391
Let x(j) = 796*j + 31868. Calculate x(-40).
28
Let f(r) = -5*r**2 - 58*r + 2950. Determine f(19).
43
Let o(g) = -g**3 - 75*g**2 + 524*g - 4079. What is o(-82)?
21
Let z(r) = 69*r**2 - 46852*r + 140598. What is z(676)?
-10
Let b(c) = -159*c - 16841. Determine b(-104).
-305
Let u(s) = -s**2 - 2972*s - 44372. Calculate u(-15).
-17
Let v(k) = 3*k**2 - 440*k + 13739. Calculate v(45).
14
Let x(i) = 4*i**3 - 332*i**2 + 17*i + 189. Calculate x(83).
1600
Let q(a) = -2343*a + 18912. What is q(8)?
168
Let h(u) = u**3 - 117*u**2 - 3633*u - 12092. Determine h(143).
63
Let h(n) = -625449*n + 1876349. What is h(3)?
2
Let r(c) = c**2 + 283*c - 10801. Give r(34).
-23
Let k(q) = -2*q**3 + 27*q**2 - 5*q + 272. Determine k(14).
6
Let h(l) = 87968*l + 2990905. Calculate h(-34).
-7
Let a(p) = 2*p**3 + 71*p**2 + 95*p - 207. What is a(-34)?
31
Let f(m) = 6*m - 1622. Give f(12).
-1550
Let r(q) = -2*q**2 - 25985*q - 389287. What is r(-15)?
38
Let y(b) = -5*b**2 - 10*b + 1735. Give y(21).
-680
Let x(a) = -2*a**3 + 1962*a**2 - 3902*a - 13741. Determine x(979).
-35
Let l(k) = -2*k**2 + 665*k - 28691. What is l(48)?
-1379
Let w(g) = -2*g**3 + g**2 + 934*g - 2809. Determine w(3).
-52
Let b(n) = 33892*n + 2982497. Give b(-88).
1
Let l(t) = -t**3 - 46*t**2 - 1504*t + 3192. Give l(2).
-8
Let p(o) = 25*o**2 - 244*o - 281. Give p(9).
-452
Let z(w) = w**2 - 491*w - 822412. What is z(1185)?
-22
Let l(c) = -37*c**2 - 479*c + 5154. Calculate l(7).
-12
Let g(a) = -a**3 - 72*a**2 - 64*a + 415. What is g(-71)?
-82
Let m(y) = 1716*y - 338052. Determine m(197).
0
Let p(m) = 10233*m - 122126. What is p(12)?
670
Let t(a) = 82*a + 22789. Give t(-280).
-171
Let o(y) = -150601*y - 5271031. Give o(-35).
4
Let o(u) = 67747*u + 203143. Determine o(-3).
-98
Let l(v) = v**3 - 39*v**2 - 30*v - 114. Give l(40).
286
Let z(f) = -2055*f - 137689. Calculate z(-67).
-4
Let s(p) = -4*p**2 + 1648*p - 105247. Determine s(333).
-19
Let w(y) = -338*y + 31981. What is w(95)?
-129
Let o(v) = -14*v**2 - 12*v - 87. Calculate o(0).
-87
Let d(g) = 5623*g - 1894957. Determine d(337).
-6
Let r(i) = 395*i**2 - 3985*i + 346. Determine r(10).
-4
Let h(r) = 2*r**2 + 105*r - 2228. Calculate h(-58).
-1590
Let i(z) = -663*z**2 + 13261*z - 53. What is i(20)?
-33
Let o(r) = 2*r**3 + 4*r**2 + 23*r + 398. Give o(-7).
-253
Let d(h) = 15828*h + 31987. What is d(-2)?
331
Let d(k) = -425*k**2 + 1243*k + 86. Determine d(3).
-10
Let c(f) = -2617*f - 353285. Give c(-135).
10
Let m(x) = 810*x + 42860. Determine m(-53).
-70
Let z(i) = -8782*i + 43870. Give z(5).
-40
Let n(x) = -182363*x + 364646. Give n(2).
-80
Let z(p) = -2*p**3 - 284*p**2 + 585*p + 42761. Determine z(-143).
4
Let m(w) = w**2 + 36598*w + 3686188. What is m(-101)?
-9
Let g(s) = -106*s**2 - 4197*s - 11639. Calculate g(-3).
-2
Let j(b) = -377*b + 1262. Calculate j(2).
508
Let a(x) = x**3 + 769*x**2 - 58830*x - 83894. Give a(-839).
6
Let o(c) = -13*c**2 - 887*c + 7931. Determine o(8).
3
Let l(u) = 2*u**3 - 265*u**2 + 5692*u + 16. What is l(27)?
-119
Let p(c) = -4*c**2 - 370*c - 6299. Determine p(-70).
1
Let s(v) = -4*v**2 - 41*v + 173. Give s(5).
-132
Let j(w) = 1157*w - 253456. Determine j(219).
-73
Let w(g) = -24*g**2 + 8*g + 96. Determine w(-2).
-16
Let t(r) = 42*r**2 - 4815*r - 1766. Calculate t(115).
-41
Let t(i) = -49*i**3 + 353*i**2 - 469*i + 2793. Give t(7).
0
Let o(j) = -123*j**2 + 93055*j + 42394. What is o(757)?
2
Let x(o) = -15*o**3 - 4*o**2 - 421*o - 419. Determine x(-1).
13
Let u(l) = 21042*l - 1409824. Determine u(67).
-10
Let m(h) = h**3 + 30*h**2 + 381*h + 1297. Determine m(-5).
17
Let b(c) = -2*c**3 - 80*c**2 - 50*c + 1498. What is b(-39)?
406
Let b(y) = 7964*y - 102835. Calculate b(13).
697
Let p(s) = 4*s**2 + 1923*s + 9550. Determine p(-5).
35
Let h(t) = 2*t**3 + 157*t**2 + 532*t - 744. Calculate h(-75).
-1269
Let q(p) = -p**3 - 50*p**2 - 177*p - 180. What is q(-46)?
-502
Let x(f) = -902*f - 47591. What is x(-53)?
215
Let h(l) = -339*l**2 - 44*l - 96. Give h(-2).
-1364
Let c(p) = 2*p**2 + 131*p + 1934. What is c(-19)?
167
Let u(t) = 8*t**2 - 54*t - 699. Give u(-18).
2865
Let g(d) = -2*d**2 + 92*d + 27765. Determine g(143).
23
Let x(h) = 7*h**2 + 9585*h - 610733. Calculate x(61).
-1
Let k(d) = 32984*d + 11742303. Give k(-356).
-1
Let c(n) = n**3 + 9*n**2 - 99*n - 33. Determine c(6).
-87
Let n(y) = y**3 - 29*y**2 - 260*y + 15. What is n(-7)?
71
Let m(v) = v**2 - 26*v - 11098. What is m(119)?
-31
Let d(h) = 3*h**2 + 971*h + 14469. Calculate d(-308).
-7
Let i(u) = 2*u**2 - 385*u + 5332. Give i(15).
7
Let n(c) = 1562*c + 638838. Give n(-409).
-20
Let q(d) = 279*d + 31008. Determine q(-111).
39
Let w(v) = -2833*v**3 - 8501*v**2 + 6*v + 20. Give w(-3).
-16
Let u(k) = -273*k**2 + 1386*k + 6400. What is u(8)?
16
Let w(v) = -v**3 + 162*v**2 - 2466*v + 94. Determine w(145).
-51
Let k(r) = 9*r**2 - 2238*r - 22848. What is k(-10)?
432
Let r(v) = 8320*v + 166397. Give r(-20).
-3
Let b(r) = 263*r - 9165. Determine b(35).
40
Let s(i) = -16292*i + 24046995. Give s(1476).
3
Let j(n) = -36*n**3 + 2302*n**2 + 110*n + 114. Calculate j(64).
-1038
Let o(l) = -1287*l + 1376. Give o(4).
-3772
Let l(c) = c**2 + 423*c - 8028. Give l(19).
370
Let p(s) = -1915*s + 39529. What is p(21)?
-686
Let q(t) = t**3 - 53*t**2 + 527*t + 4915. Give q(29).
14
Let t(m) = 8*m**3 + 41*m**2 + 18*m + 32. What is t(-5)?
-33
Let k(t) = 3*t**3 + 14*t**2 + 50*t + 208. Determine k(-8).
-832
Let m(q) = -8*q**3 + 19*q**2 - 116*q + 222. What is m(2)?
2
Let i(d) = -6*d**3 - 130*d**2 - 55*d + 658. What is i(-21)?
49
Let j(p) = p**2 + 3237*p - 579255. Give j(170).
-65
Let t(u) = 275*u**2 + 2923*u + 4029. Give t(-9).
-3
Let o(h) = 7*h**2 + 69*h - 1616. Calculate o(16).
1280
Let j(v) = 8*v - 1225. Calculate j(-55).
-1665
Let t(d) = -1266*d - 6737. Determine t(-6).
859
Let b(v) = 1737*v**2 - 65*v - 48. Calculate b(0).
-48
Let k(q) = 25*q + 1262. Give k(-54).
-88
